3
Let s(b) = b**3 + 9*b**2 - 10*b + 12. Suppose i - 4*h + 50 = -2*i, 2*i - 2*h + 30 = 0. List the prime factors of s(i).
2, 3
Suppose 4*n - 3*l = -4, -2 + 20 = n + 4*l. Suppose 3*m + 3*o + 738 = 4*m, m = -n*o + 728. What are the prime factors of 22/(-77) - m/(-14)?
2, 13
Suppose 40*k - 45*k = -7495. What are the prime factors of k?
1499
Let f(y) be the third derivative of -y**5/60 + y**4/3 - 5*y**3/6 - 13*y**2. List the prime factors of f(5).
2, 5
Let a(l) = -2*l**2 + 17*l + 16. Let q be a(9). Let u(o) = o**3 - 8*o**2 + 20*o + 5. List the prime factors of u(q).
2, 3
Suppose -596 - 394 = -18*y. List the prime factors of y.
5, 11
Let y = -19 - -8. Let u = 107 + y. List the prime factors of u.
2, 3
Suppose -24*o = -20*o - 4320. What are the prime factors of o?
2, 3, 5
Suppose -21*i + 3308 = -3874. What are the prime factors of i?
2, 3, 19
Suppose 0 - 45 = -5*b. Let n = 14 - b. Suppose 0 = 2*a + 8, 2*a - 94 = -n*s - 2*a. What are the prime factors of s?
2, 11
Let i(w) = 50*w + 1. Suppose 4*o - 16 = -3*p, -8*o + 5*p = -3*o + 15. List the prime factors of i(o).
3, 17
Let z = -1048 + 1968. Suppose 5*q = z + 80. What are the prime factors of q?
2, 5
Suppose 5*y = 5*d + 4180, -d - 7 = -5. List the prime factors of y.
2, 3, 139
Let d(i) be the first derivative of -i**2/2 + 8*i - 2. Let y be d(7). What are the prime factors of y + -2*9/(-6)?
2
Let h(j) = -6*j**3 + 4*j**2 - 6*j + 6. Let m(a) = 13*a**3 - 8*a**2 + 12*a - 11. Let i(d) = -7*h(d) - 3*m(d). What are the prime factors of i(4)?
11, 13
Let j be (23/(-2))/(2/(-4)). Let l = 25 - j. Suppose -l*h - 3*k = -46, -29 = -3*h + 2*k + 14. List the prime factors of h.
17
Let q = -130 - -240. Suppose 2*w = 4*o + 54, -w + q = 4*w - 5*o. List the prime factors of w.
17
Let w = 776 - -117. List the prime factors of w.
19, 47
Suppose 0 = -3*b + 2*j - 1159, 5*j = 22 + 3. Let r = -102 - b. What are the prime factors of r?
281
Suppose -4*k = -28 + 20. Suppose 3*f - 2*a - 311 = 0, 4*a = -k*f + 5*a + 208. What are the prime factors of f?
3, 5, 7
Suppose 0 = -4*j + y + 27, j + 4*y = 11. Let n = j - 11. Let w = n - -30. What are the prime factors of w?
2, 13
Let m(h) = -h**3 + 6*h**2 - 7*h + 6. Let d be m(5). Let f be d*4/24*18. What are the prime factors of (f/10)/((-6)/100)?
2, 5
Let a(g) = -g**3 + 7*g**2 + 2*g. Let t be a(6). Suppose -5*x = 2*w + 24, -3*w = -7*w - 5*x - t. List the prime factors of (13 + w)/(2/62).
31
Suppose -5*s - 6*h - 486 = -4*h, 3*s - 5*h + 304 = 0. List the prime factors of (-4)/14 + (-14238)/s.
5, 29
Let r(v) = v**2 - 3*v - 7. Let b be r(5). Suppose -4*o - 182 = -2*y, -y - b*y - o + 364 = 0. What are the prime factors of y?
7, 13
Let f(j) = 0*j - 14*j + 6*j + 5*j - 4 + 9*j**2. What are the prime factors of f(4)?
2
Suppose 0 = -4*v - 47 + 247. Let c = v + -28. Let g = c - 1. List the prime factors of g.
3, 7
Let l = 2497 + -656. List the prime factors of l.
7, 263
Let i = 7 - 9. Let a(l) = -l**3 - 3*l**2 - 3*l - 5. Let n be a(i). Let s(t) = 6*t**2 + 4*t. What are the prime factors of s(n)?
2, 3, 7
Let q(v) = 24*v - 154. What are the prime factors of q(36)?
2, 5, 71
Let j(i) = -18*i**3 + 4*i**2 + 6*i - 1. List the prime factors of j(-3).
503
Suppose m = -3*z, 4*m + m - 39 = -2*z. Suppose m*h = 6*h + 714. What are the prime factors of h?
2, 7, 17
Let y be 6/(-4) - 156/(-8). Suppose 2*g - y = -4*b, 0*g - 2*g - b + 24 = 0. Let l = -4 + g. What are the prime factors of l?
3
Suppose -i = -4*i - h + 6, 0 = -i - 2*h - 3. Suppose i*s + 209 = f, -f = -4*f - 4*s + 627. What are the prime factors of f?
11, 19
Let t(s) be the third derivative of -s**6/120 - s**5/5 - 13*s**4/24 + 4*s**3/3 + 2*s**2. List the prime factors of t(-11).
2, 3, 5
Suppose 4*x = -b + 1042, 3072 = 5*b - 3*x - 2161. What are the prime factors of b?
2, 523
Suppose -29*x + 4731 = -16526. List the prime factors of x.
733
Let y(b) = b**2 - 3*b - 3. Let n be y(4). Let q(x) = 38*x**2. What are the prime factors of q(n)?
2, 19
Suppose -3*o = -2*z + 56, -z = -2*o - 5 - 25. Let l = 68 + z. What are the prime factors of l?
2, 3, 5
Let h be ((-32)/(-240) + 2/10)*759. What are the prime factors of (3 - 7) + 3 + h?
2, 3, 7
Let j(l) be the second derivative of l**4/4 + l**3/2 - 2*l**2 - 21*l. List the prime factors of j(-6).
2, 43
Suppose 2*h - 7*h = -30. Suppose -4*o = -4*j, o + j + 0 = h. List the prime factors of o.
3
Let u(y) = y - 7. Let o be u(7). Suppose -n + 2*f + 5 + 3 = o, -5*n + 2*f + 40 = 0. Let i = 0 + n. What are the prime factors of i?
2
Suppose g - 5*s - 107 = -0*s, 2*s = -4*g + 384. Let y = g - -47. What are the prime factors of y?
2, 3
Let p(u) = 60*u. Let d be p(1). Suppose x = 5*h - 17, -5*x + 2*h - 6*h + d = 0. Let i = 43 - x. What are the prime factors of i?
5, 7
Let r(j) = 31*j + 7. Let z be r(-4). Let b = -55 - z. Suppose -2*o + b = 2*s, 5*o - 2 = 5*s + 203. What are the prime factors of o?
2, 3
Suppose 5*o = -0*o + 1145. Suppose 5*j = o + 166. Suppose -j - 5 = -3*l. List the prime factors of l.
2, 7
Let z be (-8 - -9)/((-1)/13). Let r be (-28)/(-182) + 2/z. Let o(m) = m**3 + 2*m**2 + 2*m + 67. What are the prime factors of o(r)?
67
Suppose -10*q + 9*q = -4*m + 936, m - 234 = 4*q. List the prime factors of m.
2, 3, 13
Suppose -2 = -4*o + 14. Let n(u) = 2*u**2 - o*u - 6 - u + 0*u. What are the prime factors of n(5)?
19
Suppose 2*f - 28 = -u, 33 = -5*u + 4*f + 117. Suppose 26*a = 24*a + u. List the prime factors of a.
2, 5
Let d be 40 - 3/3*-1. Let u(h) = h**2 + 6*h - 14. Let t be u(-8). Suppose 0 = t*q - d - 21. List the prime factors of q.
31
Let m = -1557 + 2860. What are the prime factors of m?
1303
Let a be -4 - 0/((-2)/2). List the prime factors of (8/(-12))/(a/588).
2, 7
Let c(o) = -8*o**2 - 5 - 7 + o**3 + 12*o**2 + 6*o. Let h be c(8). List the prime factors of h/(-8)*2/(-3).
67
Let r(f) = f**3 + 35*f**2 + 19*f - 106. List the prime factors of r(-33).
5, 17
Let t = -14 + 5. Let r = t - -12. Suppose -4 = 4*p, -r*g + 3*p + 14 = -13. What are the prime factors of g?
2
Let t be 80/25 - (-2)/(-10). Suppose 2*j = 3*j - t. List the prime factors of (j + -7)/(-1 - 1).
2
Let m be ((-6)/12)/(-2*3/36). Let d(v) = -25*v + 12. Let t(y) = 101*y - 49. Let u(n) = -9*d(n) - 2*t(n). List the prime factors of u(m).
59
Suppose 3*u + 5*r = 1009 + 2904, 2*u = 3*r + 2634. List the prime factors of u.
3, 19, 23
Let i(m) = -10*m**3 + m**2 + 16*m - 4. Let k be i(4). Let t = -325 - k. List the prime factors of t.
239
Suppose -3036 = -9*q + 3*q. Let x = -297 + q. What are the prime factors of x?
11, 19
Suppose -5*v = -29 - 121. Suppose -10 = c - v. What are the prime factors of c?
2, 5
Suppose -2*f = -2*y - 5098, -4680 = -2*f + 5*y + 415. What are the prime factors of f?
2, 3, 5, 17
What are the prime factors of 987/(-15)*-13 + (-90)/225?
3, 5, 19
List the prime factors of (-134706)/52*6/(-9).
11, 157
Let i = 740 + -464. List the prime factors of i.
2, 3, 23
Suppose 0 = -4*s + 4*n - 24, -3*s + 2*n = s + 16. Let t(u) = -13*u**3 + 3*u**2 - 5*u - 4. What are the prime factors of t(s)?
2, 61
Let j(f) = 7*f**3 - 8*f**2 + 9*f + 4. Let k be j(4). Suppose -16*g = -12*g - k. List the prime factors of g.
2, 3, 5
Suppose -2*n + 3*c + 9501 = -2*c, -n = -4*c - 4743. What are the prime factors of n?
11, 433
Suppose -5*j = 2*x - 0*x + 10, -2 = -5*x + j. Suppose z + 0 - 2 = x, -4*w + 562 = -z. List the prime factors of w.
3, 47
Let t(h) be the third derivative of -25*h**4/12 + 12*h**3 + 37*h**2. List the prime factors of t(-5).
2, 7, 23
Let g(i) = -i**2 + 7*i + 6. Let j be g(7). Suppose 2*z + 97 = 3*o, 3*z = 4*o - 135 + j. What are the prime factors of o?
3, 11
Let x(w) = 5*w**3 - 3*w**2 - 10*w + 19. List the prime factors of x(5).
3, 173
Let x(y) = -102*y**3 - 11*y**2 - 20*y - 5. List the prime factors of x(-2).
3, 269
Let b(p) = -109*p + 87. What are the prime factors of b(-21)?
2, 3, 11
Let v = 24 - 44. Let m be (24/v)/((-3)/10). Suppose -m*y + 8 = -4. List the prime factors of y.
3
Let o(i) = -6 + 69*i**2 - 4 + 2 - 4*i + 5. List the prime factors of o(-1).
2, 5, 7
Let y(a) = -204*a + 133. List the prime factors of y(-7).
7, 223
Let t(o) = 12*o - 14. Suppose 4 = -3*h + 7*h. Suppose 0 = -k + h + 5. What are the prime factors of t(k)?
2, 29
Suppose -2*f = 5*i - 2943, -10*i - 2352 = -14*i - f. List the prime factors of i.
587
Let f(d) = 7*d - 13. Let q be f(4)